 54?
52
Suppose f + 4*q + 574 - 2365 = 0, -5425 = -3*f + q. What is the remainder when f is divided by 113?
112
Suppose 17 = -14*o + 241. Let f = -59 + 87. Calculate the remainder when (-4)/14 - (-1772)/f is divided by o.
15
What is the remainder when 4/((-108)/(-120015)) - -26 is divided by 1117?
3
Let y = -2360 + 2369. What is the remainder when 159 is divided by y?
6
Suppose 0 = 3*h - 0*h - 2*s - 100, 4 = s. Let o = 635 + -626. Calculate the remainder when (1 - o) + (-226)/(-2) is divided by h.
33
Let s(t) = -t**3 + 28*t**2 - 9*t + 257. Let n(r) = -r**3 + 4*r**2 + 5*r. Calculate the remainder when n(4) is divided by s(28).
0
Suppose 0 = 24*s - 30*s + 768. Suppose 150*h - 682 = s*h. Calculate the remainder when 89 is divided by h.
27
Suppose 3*q + 5*t - 192 = 0, 3*q - 3*t - 128 = q. Calculate the remainder when (-20)/(-90)*(39/143 - (-75624)/44) is divided by q.
62
Suppose -602 = -2*r - 194. Let d = r - 162. Suppose -5*a = 12 - 87. What is the remainder when d is divided by a?
12
Suppose 3*p - 12 = 9. Let q(a) = -2*a**2 + 18*a - 28. Let n be q(7). Suppose n = 7*x - 15 - 13. What is the remainder when p is divided by x?
3
Let c(o) be the first derivative of -o**2/2 + 47*o - 14. Let b be c(-22). Let m = -54 + b. What is the remainder when 74 is divided by m?
14
Let j = -132 + 385. Suppose 103 = 21*y - 254. What is the remainder when j is divided by y?
15
Suppose 459 = 4*t + 31. Let o(h) = 2*h**3 - 34*h + 62. Calculate the remainder when t is divided by o(4).
53
Let l(n) = n**3 + 15*n**2 - 12*n - 31. Calculate the remainder when l(-15) is divided by (52 - (-7 + 3)) + -6.
49
Suppose -4*x = 4*v - 3 - 25, 3*v + 19 = 5*x. Let w = -200 + 212. Calculate the remainder when 88/2 + -1*v is divided by w.
6
Suppose -102*z + 212030 = 72*z + 59*z. What is the remainder when z is divided by 12?
10
Let u = -184 - -274. Suppose 28 = 97*y - u*y. Suppose 5*s - 90 = -5*g, 0 = 5*s + g - 4*g - 130. Calculate the remainder when s is divided by y.
3
Let j(r) = -130*r + 1086. Calculate the remainder when j(3) is divided by 229.
9
Let x be (2 - -1)*(-10)/(-15). Suppose r + 3*j - 78 = -x*r, -r - 2*j + 24 = 0. Calculate the remainder when r is divided by 117/15 + 1/5.
4
Let v = -2 - -6. Let j = -128 + 148. Calculate the remainder when j is divided by v.
0
Let q be (-357)/(-3) + (-2 - 0/(-3)). Let b = q + -59. What is the remainder when 86 is divided by 1 + (-2)/4 + b/4?
11
Suppose -5*w + 8 = 2*u, 2*w + 3*w = -u - 1. Calculate the remainder when 6 + (-3 - (6 - 19)) is divided by u.
7
Let n = 39 + -22. Let x(w) = 2*w + 12. Let u be x(0). What is the remainder when (-9)/(-1)*((-448)/u)/(-7) is divided by n?
14
Let z(p) = 7*p - 1. Let a be z(1). Suppose -a*b + 198 = -0*b. Suppose 0 = c - b + 12. What is the remainder when 61 is divided by c?
19
Let o be (-197843)/214 - (-7)/(-2). Let h = -903 - o. Suppose 4*l - 24 = -0*l. Calculate the remainder when h is divided by l.
1
Let h = 33888 - 33878. Calculate the remainder when 3/(-18) - (-3098)/12 is divided by h.
8
Suppose 69*s - 74*s + 65 = 0. Let g(c) = -2*c + 2 + 5*c + 5. What is the remainder when g(s) is divided by 26?
20
Suppose 3*f - 39 = -3*i, 4*i - 4*f = -0*f + 36. Let w(k) = k**2 + 495*k - 3453. What is the remainder when w(7) is divided by i?
6
Calculate the remainder when (-30 + -6039)*60/(-70) is divided by 84.
78
Let l(g) = -g**2 - 8*g - 15. Let v be l(-5). Let b = 7 + v. Suppose 170 = b*o - 131. Calculate the remainder when o is divided by 11.
10
Calculate the remainder when 27 is divided by 8*(-9 + ((-741)/(-6))/13).
3
Calculate the remainder when 8108 is divided by 2/3*8*(-594)/(-132).
20
Let u(a) = 4*a**2 - 57*a - 1054. Let t(g) = -g**3 + 5*g**2 - g. What is the remainder when u(25) is divided by t(3)?
6
Let z = -198 + 42. Let g = 214 + z. What is the remainder when 521 is divided by g?
57
Suppose 35 = 13*z - 30. Suppose z*j + 40 = 175. Calculate the remainder when j is divided by 6.
3
Let h(v) = -v + 9. Let n be h(3). Suppose n*d - 130 = 206. What is the remainder when d is divided by 12?
8
Let a = -72 + 79. Suppose 15*c + a = 37. Calculate the remainder when c is divided by 2.
0
Suppose -16*j + 9*j + 1270 - 311 = 0. Suppose -153 = -4*n - 41. Calculate the remainder when j is divided by n.
25
Suppose -3*f = -5*u - 510, -3*f - u = 2*u - 510. Suppose 80 = 4*w + 50*v - 51*v, -3*v = -2*w + 40. What is the remainder when f is divided by w?
10
Suppose -4*r = -522 + 198. Let s = r + -78. What is the remainder when 7 is divided by s?
1
Let n = 803 + -335. Calculate the remainder when n is divided by 23.
8
Suppose -12*u + 4*u + 464 = 0. Let d = u + -41. What is the remainder when 30 is divided by d?
13
Let t(q) = 9*q**3 + 5*q**2 + 9*q + 1. Let n be t(-3). Let k = 257 + n. What is the remainder when 230 is divided by k?
32
Let s(k) = 143*k**2 + 185*k + 15. What is the remainder when s(10) is divided by 51?
49
Let z = 936 - 936. Let o(x) = -16*x**3 + 2*x**2 - x. Let f be o(1). What is the remainder when 15*((-78)/f - z) is divided by 40?
38
Suppose -4*f = -5*s - 147, -3*f - 81 = -5*f + 5*s. Let h(n) = n**3 + 19*n**2 + 45*n - 47. Calculate the remainder when f is divided by h(-16).
0
Let j(g) = 179*g**3 - 16293*g**2 + 365*g - 81. Suppose -3*k + 3*q - 135 = k, -4*q - 40 = 2*k. What is the remainder when j(91) is divided by -4*(k/8 - -2)?
3
Suppose 9 = 2*x - 3*q - 7, -5*q = 0. Suppose 2*g - 4 = 0, -3*o = -0*g + g - 26. Suppose 0 = -9*v + o*v + 29. Calculate the remainder when v is divided by x.
5
Suppose -2*x = -3*b + 181, 4*x - 151 = -b - 2*b. Let m = b + 236. What is the remainder when m is divided by 21?
20
Let l = 5136 - 5091. Calculate the remainder when 493 is divided by l.
43
Let o be 36/(-15)*100/(-15). Suppose -863 - 193 = -o*u. Calculate the remainder when u is divided by 34.
32
Suppose -5*l + 2*q + 94 = 0, -326*q + 329*q - 24 = 0. Suppose 16 = 4*p - f, 4*p - 3*p - 4*f + 11 = 0. Calculate the remainder when l is divided by p.
2
Let q(t) = t**3 + 19*t**2 - 25*t + 376. Calculate the remainder when 100 is divided by q(-21).
5
Let w = 31 + -37. Let i(c) = 7*c - 26. Let k(u) = 6*u - 26. Let h(d) = w*k(d) + 5*i(d). What is the remainder when 4 is divided by h(22)?
0
Suppose 28 + 14 = 6*h. Let o(g) = g - 11. Let m be o(6). Let u = m + 24. What is the remainder when u is divided by h?
5
Suppose 4*y = -25*z + 29*z - 116, 4*z - 116 = -3*y. Calculate the remainder when ((-525)/(-350))/(2/100 - 0) is divided by z.
17
Let x be (6*(-1)/4)/((-9)/6). Calculate the remainder when 137 + 14 + x*8 is divided by 93.
66
Suppose 0 = -29*g - 6*g + 35. What is the remainder when 8 is divided by (g/(-3))/(-2 - 315/(-162))?
2
Suppose 21 = 2*j - 1. Let c be (-1)/((-2)/10*1). Calculate the remainder when 5/c + 25 + 1/1 is divided by j.
5
Let y(c) = -6*c - 38. Let o be 11/(-2 + 3/3). Let r(m) = m**3 - m**2 + 4*m + 79. Calculate the remainder when r(0) is divided by y(o).
23
Let d = -5533 + 5582. Calculate the remainder when 169 - 1/(3/6) is divided by d.
20
Let d = -2932 + 2963. What is the remainder when 204 is divided by d?
18
Let v be (-13)/(-7) - (13/91)/(-1). Suppose -89 = -5*p + 3*f, -2*p + 27 + 7 = -v*f. Calculate the remainder when 224 is divided by p.
15
Let b = -67875 - -68299. What is the remainder when b is divided by (-39)/(-6) + 3/6?
4
Let g = -55 + 67. Suppose 0 = 3*o + 15, 5*m - 2*o - 8 = g. Suppose 0 = m*z - x - 159, 0 = z - 3*x - x - 83. What is the remainder when z is divided by 27?
25
Suppose -1077*c + 676804 = -929*c. Calculate the remainder when c is divided by 13.
10
Let m = 74 + -72. Suppose 3*o - 2*v + 11 = 0, 7*o - m*v + 17 = 2*o. What is the remainder when 317 is divided by -9*(-7)/(o + 4) - -1?
61
Let n(y) = 1962*y**2 - 25*y - 3. What is the remainder when n(-1) is divided by 90?
4
Suppose -13*c = -2*c - 52 - 806. What is the remainder when c is divided by (-4)/18 - 220/(-18)?
6
Suppose 142 = 4*h - 2*n, 2*h = -2*n - 17 + 97. Suppose 385 - 1421 = -h*l. Calculate the remainder when 154 is divided by l.
14
Suppose 0 = 112*o - 50*o - 3844. What is the remainder when 308 is divided by o?
60
Let i(k) = k**3 - 11*k**2 + 7. Let h be i(11). Let p(n) = 9*n - 2 + 1 + 8*n**2 + 12 - n**3 - h. What is the remainder when 17 is divided by p(9)?
1
Let q(l) = -4*l - 18*l - 431 - 3*l + 278. Calculate the remainder when 22 is divi